 - 6*c + 18*c. Give q(15).
46
Let i(n) = -546*n - 4. Let f(c) = -151*c - 1. Let r(a) = 18*f(a) - 5*i(a). Calculate r(7).
86
Let f(m) = m**2 + 8*m - 3. Let d = -667 + 670. Suppose d*p - 199 = -217. Give f(p).
-15
Suppose 16 + 19 = -5*q. Let y(n) = -11*n**2 + 3*n + 28. Let t(w) = 24*w**2 - 6*w - 60. Let b(s) = 6*t(s) + 13*y(s). Give b(q).
32
Suppose 0 = -3*l - 2*l + 3*t, l - 17 = 4*t. Let d be (6/(-10))/(2/(-10) + 0). Let m(c) = -2 - c**d - 3*c**2 - 21*c + 9*c + 14*c. Calculate m(l).
-8
Let c be 1*40/(-15)*3. Let z be c + -1 + (-15 - -17). Let t(k) be the first derivative of -k**4/4 - 2*k**3 + 3*k**2 + 4*k - 19. Determine t(z).
11
Let f(k) = k**2 - 27*k + 64. Suppose -54*d + 86 = -50*d + 3*n, d - 32 = n. Determine f(d).
38
Let v(f) = -f**3 + 4*f**2 - f + 4. Let r be ((-84)/49)/((-4)/28). Let m be (1/r)/((-10)/(-40))*15. Determine v(m).
-26
Let v(n) = 174*n + 5. Let y(i) = 199*i + 7. Let j(q) = -8*v(q) + 7*y(q). Let k = 8 + -24. Let d = 9 + k. Calculate j(d).
2
Let n(t) = -2*t**3 - 5*t**2 - 44*t + 12. Let c(l) = -3*l**3 - 11*l**2 - 73*l + 22. Let z(h) = 3*c(h) - 5*n(h). Give z(4).
-54
Let q be (-247)/(-78) + ((-140)/(-24))/7. Suppose -3*a + q = 7, -2*d + 3*a - 7 = 0. Let y(g) = g**3 + 5*g**2 - 2*g - 6. Give y(d).
4
Let g(p) = -7090 - 182*p + 187*p + 7081. Determine g(-7).
-44
Let y(o) be the first derivative of -9*o**2/2 + 73*o + 1929. Determine y(9).
-8
Let x(h) = -669*h + 100. Let g(i) = -253*i + 34. Let v(b) = -8*g(b) + 3*x(b). Calculate v(-3).
-23
Let t(a) = -7*a + 2. Let s(y) = 15*y - 4. Let f(i) = 4*s(i) + 7*t(i). Let b = 376 - 374. Let z(k) = -33*k + 7. Let m(u) = b*z(u) + 7*f(u). Determine m(1).
11
Let z be 0/1 - -2*4. Let j(o) = -3*o**2 - 15*o - 6. Let w(s) = -26*s**2 - 126*s - 50. Let b(u) = -17*j(u) + 2*w(u). Determine b(z).
-38
Let z(w) be the first derivative of -w**4/4 + w**3/3 + w**2/2 + 6*w - 823. What is z(3)?
-9
Let l(s) be the third derivative of -s**4/4 - 7*s**3 + 146*s**2 - 1. Give l(-6).
-6
Let a(y) = -y + 7. Let u(g) = -g + 8. Let b(p) = 7*a(p) - 6*u(p). Suppose 7*x = 41 - 34. Suppose -3*z = -2*i + x, 27 = -3*i - 20*z + 15*z. Give b(i).
5
Let t(j) = -j**3 + 6*j**2 + 7. Let c be t(6). Suppose -c*r - 9 = -10*r. Suppose -4 = -i + r. Let g(a) = -a**3 + 6*a**2 + 9*a - 10. Calculate g(i).
4
Let p(h) = 4*h. Suppose 5*s - 3*b = -73, 19*b - 2 = 17*b. Let i(r) = r + 11. Let f be i(s). What is p(f)?
-12
Let s be 4/12 - (-22)/6. Suppose -3*w - 1 = 5*f - f, -3*w + 5 = -2*f. Let j(o) = 0*o**2 - o**2 + 18*o - w - 15*o. Determine j(s).
-5
Let n = -255 + 261. Let j(r) = -2 + 2 + 3 - 3*r - n. Give j(7).
-24
Suppose a = 3*i + 2*a - 2142, -2*a = -2*i + 1436. Let d = 719 - i. Let q(k) = -k**3 + 3*k**2 - 2*k + 6. Give q(d).
-18
Let v(u) = 4*u**3 - 4*u**2 - u + 2. Let r be v(2). Let n(g) = -g**3 + 16*g**2 + 3*g - 46. Let t be n(r). Let f(j) = 2*j**2 - 3*j + 1. Determine f(t).
3
Let f(r) = 4*r - 14. Let d be (1 - 2)/((7*4/28)/1). Determine f(d).
-18
Let y be (-2 - 30/(-8))/((-99)/(-396)). Let l(g) = 6*g + 2. Calculate l(y).
44
Let p(x) = 1228 + 32*x**2 - 614 - 612. Let h(y) = 17*y**2 + 1. Let s(r) = 5*h(r) - 3*p(r). Give s(-1).
-12
Let i(k) = 12*k**2 + 13*k. Let a(d) = -7*d**2 - 7*d + 1. Let f = 524 + -531. Let z(g) = f*a(g) - 4*i(g). Determine z(6).
11
Suppose -37 - 88 = -26*l + 83. Let y(x) = x**2 - 10*x + 15. Calculate y(l).
-1
Let a(o) = o**3 + 13*o**2 + 11*o. Let l be a(-12). Suppose -l = -2*q - 8. Let p(y) = -q*y - y**3 - 2*y**2 + 1 + 0*y**3 + 0*y**3 + 4*y. Give p(-2).
-3
Let d be ((9 + -3)/(39 + -7))/((-45)/(-4)). Let t(l) be the third derivative of d*l**5 - 4*l**2 + 1/24*l**4 + 0*l + 1/6*l**3 + 0. Give t(0).
1
Let m(z) be the first derivative of z**6/360 - z**5/10 + 13*z**4/24 + 7*z**3/3 - 59. Let l(g) be the third derivative of m(g). Give l(11).
2
Let z(g) = -2*g**2 - 5*g - 2. Let v(p) = -p**3 + 6*p**2 + 4*p + 10. Let r be v(7). Let q be 6 + -3 + (r - -5). Determine z(q).
-5
Suppose 104*i + 6 = 106*i. Let h(y) = 4*y**3 + 2*y**2 - 2*y - 7. Let f(c) = 5*c**3 + 3*c**2 - 2*c - 9. Let l(d) = i*f(d) - 4*h(d). Determine l(2).
1
Let h(r) = 17*r - 16. Let q(y) = 49*y + 1032. Let v be q(-21). Calculate h(v).
35
Let i(n) = -n + n**2 - 2*n - 5*n + 9*n - 2. Let g(f) be the first derivative of -4*f**2 + 80*f + 29. Let q be g(10). What is i(q)?
-2
Let c(l) = l**2 - 5. Suppose 4*u - 56 = 112. Suppose -7*o + 2*o + 165 = -4*k, o - u = k. Let t = k - -41. Give c(t).
11
Let b(i) = i**3 - 14*i**2 - 15*i + 2. Let v be b(15). Let p(z) = 43*z**2 - 7*z + 37*z**v - 79*z**2. Suppose 0*o - o + 4 = 0. Give p(o).
-12
Let b(p) = p**3 - 5*p**2 - 3. Let r = -73 - -81. Let d be 1 + -6 + 1 + r. Suppose -d*u - 8 = -28. What is b(u)?
-3
Let m(j) = 2*j**3 - 37*j**2 - 69*j + 13. Let g(n) = n**3 - 19*n**2 - 35*n + 9. Let p(k) = 11*g(k) - 6*m(k). Give p(15).
6
Let t = 17 - 20. Let l(y) = 5*y**2 - 41*y + 9. Let w(c) = 3*c**2 - 30*c + 6. Let j(b) = 5*l(b) - 7*w(b). What is j(t)?
24
Let i be (9/((-18)/8))/(-1). Let u(m) = 24 - 13 - 13 + 3*m**2 + 6*m - 4*m**2. Give u(i).
6
Suppose 4200 = -69*t + 4338. Let r(j) be the second derivative of -1/2*j**t + 1/6*j**3 + 21*j + 0. Give r(0).
-1
Let v be 356/(-267) - (-16)/3. Let h(y) = 8*y + 4. Give h(v).
36
Let l(a) = -2*a - 2. Let v = -16 + 14. Let f be l(v). Let z(h) = 3 - 6 - h - 1 + f. Give z(5).
-7
Let j(c) = -3*c**2 + 2*c. Suppose 4*f + 0*f = 152. Suppose 3*o + 35 = f. Let b be 2*o + -4 + (-6 - -10). Determine j(b).
-8
Let n be -4*(-1)/(-8)*(0 - 0). Let f(c) = 23 + n*c**2 - 8*c + c**2 - 31 + c. Determine f(8).
0
Suppose 0 = -3*r + q - 69, 0 = q - 859 + 856. Let s(w) = w + 61. What is s(r)?
39
Let a(z) = -3 - 2*z**2 + 19*z - 8 - 30*z + 21*z. Let u be a(1). Let g(v) = -v**3 + v**2 + 3*v - 3. Determine g(u).
24
Suppose -i + 2*o = -2, 10 = 5*i - 18*o + 23*o. Let u(g) = 276*g**i - 135*g**2 - g - 3 - 140*g**2. Let k(l) = -l**2 - 4*l + 1. Let a be k(-5). Give u(a).
17
Let d = 4679 - 9357/2. Let n(w) be the first derivative of 0*w - d*w**2 - 6. Calculate n(2).
-2
Let t(w) = -2*w + 42. Let l(h) = 9*h**2 + 229*h + 86. Let i be l(-25). Calculate t(i).
70
Let a(s) = -s**2 - 12*s - 8. Let k(c) = 6*c + 154. Let b be k(-24). Suppose b*n = 9*n - 9. Give a(n).
19
Let t(d) = d**3 + 23*d**2 - 38*d - 50. Let u(b) = -b**3 - 21*b**2 + 37*b + 50. Let x(f) = 4*t(f) + 5*u(f). Determine x(-15).
5
Let r(f) be the second derivative of f**5/20 + 2*f**4/3 + 2*f**3/3 - 5*f**2 - 49*f - 2. Give r(-8).
-42
Let o(d) be the second derivative of -23*d**3/6 + 55*d**2 - 4408*d. Calculate o(4).
18
Let q(y) = y**2 + 13*y - 8. Let j be 3/5*(-35)/(-7). Suppose d - j*d - 44 = 4*i, -i - 4*d = 4. Determine q(i).
-20
Suppose -12 = 3*g + 4*f, 5*g = f + 4 - 1. Let a(q) = q**3 + 5*q**2 - 13*q + 4. Let k(y) = -y**3 - 3*y**2 + 9*y - 4. Let m(x) = 2*a(x) + 3*k(x). Determine m(g).
-4
Let l(z) = -z**3 + 6*z**2 - 7*z + 6. Suppose -38 = -6*m - 2. Suppose -m*d - 173 = -47. Let j = -16 - d. Give l(j).
-4
Suppose 0 = -4*j + 2*b + 4, 4*b = 17*j - 15*j - 8. Let k be 148/28 - (-2)/(-7). Let d(f) = f**3 + k + f + f - 6*f**2 + j*f. What is d(5)?
-10
Let l(d) = -44*d + 1684. Let f be l(38). Let p(z) = -z - 40. Give p(f).
-52
Suppose 4*i + 0*n + 8 = -2*n, -i - 7 = -2*n. Let v be i/(-3)*(0 - -1). Let b(u) = -6 + 3*u**3 + u + 9*u**3 + 0*u**3 + 5 - 7*u**3. Give b(v).
5
Let c(b) = -2*b + 3. Let h(o) = -23*o - 154. Let w be h(-7). Suppose 0 = -g - 2, -17 = 4*m + 2*g + w. Give c(m).
13
Let i(l) be the second derivative of l**4/12 - 7*l**3/3 + 6*l**2 - 2*l - 17. Suppose -7 + 33 = 2*m. Let b be i(m). Let k(c) = -11*c**2 + c + 1. Give k(b).
-11
Let f(u) = -2*u**3 + 35*u**2 + 21*u - 21. Let d be f(18). Suppose 3*l - 42 = -d. Suppose -4*g - 49 = l*g. Let y(i) = i**3 + 6*i**2 - 7*i + 2. What is y(g)?
2
Let n(f) = -4*f**3 - 55*f**2 + 53*f - 57. Let k(m) = 7*m**3 + 92*m**2 - 88*m + 95. Let i(q) = -7*k(q) - 12*n(q). What is i(15)?
-56
Let g(s) = -s**2 + 8*s - 3. Suppose -3*c = -81 + 75. Suppose -5 = 3*q - 2*d, 3*q - c*d - 3*d = -17. Let u be (-2 + q*-1)*(-14)/6. Give g(u).
4
Suppose 162 = 3*n - 21. Suppose -n*x + 17*x = 0. Let l(t) = -2*t - 8. Calculate l(x).
-8
Suppose -504 = 16*b - 37*b. Let r(y) = 9 - 5*y - 7*y + 7 - 11*y + b*y. Determine r(-14).
2
Let g(m) = -12*m - m**3 + 53223777*m**2 - 53223755*m**2 - 9*m + 14. Calculate g(21).
14
Let k(x) = -x**3 - 2*x**2 + x + 1. Suppose 4*u + 113 = 2*t + 3*t, -5*u = 4*